f 353?
353
What are the prime factors of 1491?
3, 7, 71
What are the prime factors of 335?
5, 67
List the prime factors of 1312.
2, 41
List the prime factors of 58770.
2, 3, 5, 653
What are the prime factors of 2635?
5, 17, 31
What are the prime factors of 1248?
2, 3, 13
What are the prime factors of 24861?
3, 8287
What are the prime factors of 395?
5, 79
What are the prime factors of 13427?
29, 463
What are the prime factors of 217?
7, 31
What are the prime factors of 2553?
3, 23, 37
What are the prime factors of 1267?
7, 181
List the prime factors of 1267.
7, 181
What are the prime factors of 1391?
13, 107
What are the prime factors of 25405?
5, 5081
What are the prime factors of 16340?
2, 5, 19, 43
What are the prime factors of 3456?
2, 3
List the prime factors of 965.
5, 193
What are the prime factors of 26423?
26423
What are the prime factors of 7528?
2, 941
List the prime factors of 7310.
2, 5, 17, 43
List the prime factors of 113986.
2, 56993
What are the prime factors of 5588?
2, 11, 127
What are the prime factors of 9816?
2, 3, 409
List the prime factors of 621.
3, 23
List the prime factors of 2013.
3, 11, 61
List the prime factors of 381.
3, 127
List the prime factors of 17634.
2, 3, 2939
List the prime factors of 377.
13, 29
What are the prime factors of 1030?
2, 5, 103
List the prime factors of 36979.
36979
List the prime factors of 11847.
3, 11, 359
What are the prime factors of 11051?
43, 257
What are the prime factors of 1441?
11, 131
List the prime factors of 57870.
2, 3, 5, 643
What are the prime factors of 1709?
1709
List the prime factors of 11233.
47, 239
What are the prime factors of 36216?
2, 3, 503
What are the prime factors of 2163?
3, 7, 103
What are the prime factors of 2545?
5, 509
List the prime factors of 1153.
1153
List the prime factors of 3101.
7, 443
List the prime factors of 840.
2, 3, 5, 7
List the prime factors of 6.
2, 3
What are the prime factors of 85122?
2, 3, 4729
List the prime factors of 1189.
29, 41
List the prime factors of 32590.
2, 5, 3259
What are the prime factors of 1465?
5, 293
List the prime factors of 15799.
7, 37, 61
List the prime factors of 66689.
7, 1361
List the prime factors of 4193.
7, 599
What are the prime factors of 10118?
2, 5059
List the prime factors of 30180.
2, 3, 5, 503
What are the prime factors of 32073?
3, 10691
What are the prime factors of 499?
499
List the prime factors of 669.
3, 223
What are the prime factors of 42857?
17, 2521
List the prime factors of 1194.
2, 3, 199
List the prime factors of 1672.
2, 11, 19
List the prime factors of 1519.
7, 31
What are the prime factors of 64679?
64679
List the prime factors of 204.
2, 3, 17
List the prime factors of 118602.
2, 3, 11, 599
List the prime factors of 2200.
2, 5, 11
What are the prime factors of 335?
5, 67
List the prime factors of 59964.
2, 3, 19, 263
List the prime factors of 8760.
2, 3, 5, 73
List the prime factors of 3853.
3853
List the prime factors of 20752.
2, 1297
List the prime factors of 12942.
2, 3, 719
What are the prime factors of 77476?
2, 7, 2767
List the prime factors of 468.
2, 3, 13
What are the prime factors of 16199?
97, 167
List the prime factors of 56090.
2, 5, 71, 79
What are the prime factors of 761?
761
What are the prime factors of 1560?
2, 3, 5, 13
What are the prime factors of 753?
3, 251
What are the prime factors of 69732?
2, 3, 13, 149
What are the prime factors of 49678?
2, 59, 421
List the prime factors of 58085.
5, 11617
What are the prime factors of 20574?
2, 3, 127
What are the prime factors of 89?
89
List the prime factors of 1092.
2, 3, 7, 13
What are the prime factors of 1342?
2, 11, 61
What are the prime factors of 18801?
3, 2089
What are the prime factors of 38695?
5, 71, 109
List the prime factors of 3757.
13, 17
List the prime factors of 75503.
75503
What are the prime factors of 5567?
19, 293
List the prime factors of 1255.
5, 251
What are the prime factors of 16162?
2, 8081
What are the prime factors of 3177?
3, 353
What are the prime factors of 104331?
3, 83, 419
List the prime factors of 610.
2, 5, 61
List the prime factors of 175.
5, 7
What are the prime factors of 1011?
3, 337
What are the prime factors of 114?
2, 3, 19
What are the prime factors of 9786?
2, 3, 7, 233
List the prime factors of 174471.
3, 11, 17, 311
What are the prime factors of 2572?
2, 643
What are the prime factors of 14461?
14461
List the prime factors of 4078.
2, 2039
What are the prime factors of 221?
13, 17
List the prime factors of 160160.
2, 5, 7, 11, 13
What are the prime factors of 1618?
2, 809
List the prime factors of 5081.
5081
List the prime factors of 637.
7, 13
What are the prime factors of 553?
7, 79
List the prime factors of 15830.
2, 5, 1583
What are the prime factors of 17919?
3, 11, 181
List the prime factors of 55390.
2, 5, 29, 191
What are the prime factors of 894?
2, 3, 149
What are the prime factors of 4173?
3, 13, 107
List the prime factors of 30150.
2, 3, 5, 67
List the prime factors of 17422.
2, 31, 281
What are the prime factors of 24994?
2, 12497
What are the prime factors of 53422?
2, 26711
What are the prime factors of 4841?
47, 103
List the prime factors of 9881.
41, 241
List the prime factors of 14110.
2, 5, 17, 83
List the prime factors of 151542.
2, 3, 8419
List the prime factors of 224.
2, 7
List the prime factors of 1797.
3, 599
List the prime factors of 15359.
15359
List the prime factors of 46535.
5, 41, 227
List the prime factors of 65446.
2, 43, 761
List the prime factors of 337.
337
List the prime factors of 3132.
2, 3, 29
What are the prime factors of 2183?
37, 59
List the prime factors of 7193.
7193
List the prime factors of 2303.
7, 47
List the prime factors of 426.
2, 3, 71
List the prime factors of 379.
379
What are the prime factors of 58225?
5, 17, 137
What are the prime factors of 112103?
112103
What are the prime factors of 148?
2, 37
List the prime factors of 5101.
5101
List the prime factors of 64986.
2, 3, 10831
List the prime factors of 972.
2, 3
List the prime factors of 2643.
3, 881
List the prime factors of 2233.
7, 11, 29
What are the prime factors of 150058?
2, 75029
What are the prime factors of 9064?
2, 11, 103
What are the prime factors of 7534?
2, 3767
List the prime factors of 620.
2, 5, 31
What are the prime factors of 12166?
2, 7, 11, 79
What are the prime factors of 5592?
2, 3, 233
List the prime factors of 227.
227
What are the prime factors of 1301?
1301
What are the prime factors of 489?
3, 163
What are the prime factors of 941?
941
List the prime factors of 1557.
3, 173
What are the prime factors of 12848?
2, 11, 73
What are the prime factors of 6593?
19, 347
List the prime factors of 90.
2, 3, 5
What are the prime factors of 13522?
2, 6761
List the prime factors of 25132.
2, 61, 103
What are the prime factors of 740?
2, 5, 37
List the prime factors of 2131.
2131
What are the prime factors of 239?
239
List the prime factors of 57088.
2, 223
List the prime factors of 14403.
3, 4801
List the prime factors of 14822.
2, 7411
List the prime factors of 24873.
3, 8291
List the prime factors of 6032.
2, 13, 29
List the prime factors of 19410.
2, 3, 5, 647
What are the prime factors of 14923?
14923
What are the prime factors of 4322?
2, 2161
What are the prime factors of 688?
2, 43
List the prime factors of 163.
163
What are the prime factors of 335?
5, 67
List the prime factors of 136005.
3, 5, 9067
List the prime factors of 149964.
2, 3, 12497
List the prime factors of 136012.
2, 37, 919
List the prime factors of 19628.
2, 7, 701
What are the prime factors of 6607?
6607
List the prime factors of 89337.
3, 97, 307
What are the prime factors of 10826?
2, 5413
List the prime factors of 542.
2, 271
List the prime factors of 11441.
17, 673
List the prime factors of 28630.
2, 5, 7, 409
List the prime factors of 180650.
2, 5, 3613
List the prime factors of 28767.
3, 43, 223
List the prime factors of 43.
43
What are the prime factors of 34053?
3, 11351
List the prime factors of 16256.
2, 127
What are the prime factors of 22464?
2, 3, 13
What are the prime factors of 42292?
2, 97, 109
What are the prime factors of 2224?
2, 139
List the prime factors of 65013.
3, 13, 1667
What are the prime factors of 1213?
1213
List the prime factors of 9064